Give l(o).
6
Let t(j) be the first derivative of -j**3/3 + 4*j**2 - 4*j + 5. Let y(k) = -9*k**2 - 45*k + 3. Let x be y(-5). What is t(x)?
11
Let a be ((-42)/24)/((-11)/(-44)). Let n(h) = 2 + 3*h**2 - 9*h + 7 - 4*h**2. Calculate n(a).
23
Let w(q) = q**2 - 7*q + 12. Let a be 11 - (-3 + -4 + 12 - 2). Give w(a).
20
Let v(g) = g - 25 + 39 + 0*g. Let y(b) = -b**2 - 16*b - 12. Let a be y(-15). Suppose -5*f + a*t = 3 + 15, -5*f + 4*t - 14 = 0. Give v(f).
8
Let c(r) = -2*r + 3. Suppose 2*a + 124 = u, -12 = -2*u - u. Let k be 9/6 - a/24. Determine c(k).
-5
Let a be 8/10*(5/(-10) + 3). Let z(m) = -2 + 2*m**2 - a*m + 7*m**2 - m**3 + m**2 - 5*m**2. What is z(3)?
10
Let f be ((-5)/(-15))/(2*(-3)/108). Let i(p) = -p**3 - 7*p**2 - p + 3. Determine i(f).
-27
Suppose 7*h = -10*h + 17. Let l(v) be the first derivative of -3*v**2/2 + v + 3. Calculate l(h).
-2
Let q(d) be the first derivative of -d**6/360 + 3*d**5/40 - 3*d**4/8 - 7*d**3/3 - 4. Let k(w) be the third derivative of q(w). Give k(8).
-1
Let x = -81 - -62. Let c(o) = o**3 + 19*o**2 - 2*o - 42. Determine c(x).
-4
Let b(l) be the third derivative of -l**4/24 - 5*l**3/2 - 9*l**2 - 5. What is b(-16)?
1
Let b = 606 + -603. Let z(p) be the first derivative of -4 - 1/4*p**4 + 2*p + 2*p**3 - b*p**2. Calculate z(4).
10
Suppose -4*d = -3*d - 5. Suppose 4*x + d = 9*x. Let h(f) = f + 0 - 1 - x. Give h(7).
5
Let o(y) be the third derivative of -y**7/840 + y**6/72 + 7*y**5/120 - y**4/6 - 7*y**3/3 + 8*y**2. Let r(s) be the first derivative of o(s). What is r(6)?
2
Let q(x) = -x**2 - 6*x - 5. Suppose -4*h - 35 + 23 = 0. Let r be (-39)/6 + (-4)/24*h. Give q(r).
-5
Let w(z) = 5*z - 3. Let x(o) = -o. Let j(l) = -w(l) - 6*x(l). Let u be (1 + 88 - -6) + 6/(-2). Let d = -96 + u. Give j(d).
-1
Let y(j) = -j**2 - 9*j - 9. Suppose s = -s + 50. Suppose -4*t = -r + 32, -r + 7 = -t - s. Suppose r = -5*x + c - 2*c, -3*x - 5*c - 28 = 0. Determine y(x).
9
Let i be (-130 + -1)/((4 - 3)/(-1)). Let n = 125 - i. Let s(l) = l**2 + 6*l + 4. Give s(n).
4
Let o(k) be the third derivative of k**9/60480 - k**8/2880 + k**7/2520 - k**6/120 - k**5/60 - 2*k**2. Let u(s) be the third derivative of o(s). What is u(7)?
8
Let y(o) = 7*o + o**3 + 4*o**3 + 5*o**2 + 3*o**3 - 9*o**3. What is y(6)?
6
Suppose 2*d - n = -5, 3*d + 4*n = -0*d + 20. Suppose -4*m + 10 + 6 = d. Let p(r) = -6 + 34*r + 2*r**2 - 28*r - 2*r**3 + r**3. What is p(m)?
-14
Let n = -73 + 84. Let o(y) = -27 + 12 + y**3 - 7*y + n + 4*y**2. What is o(-5)?
6
Let s(i) = -17*i + 657. Let o be s(39). Let k = -5 - -3. Let y(d) = -d**3 - 3*d**2 + 5*d + 9. Let z(a) = a**2 - a. Let l(t) = k*z(t) + y(t). What is l(o)?
3
Let v(z) be the first derivative of 3/2*z**2 + 0*z + 1/4*z**4 + 8 + 5/3*z**3. Let w be -5*(1 + (3 - 3)). Give v(w).
-15
Let c(s) be the second derivative of 1/2*s**4 + 4*s + 1/720*s**6 + 0*s**2 + 0 - 1/60*s**5 + 0*s**3. Let v(b) be the third derivative of c(b). What is v(-3)?
-5
Let u(z) = 2*z + 1. Let c = -133 - -269. Suppose -3*d + c = 1. Let m be (-10)/d - (-34)/(-9). Calculate u(m).
-7
Let g(s) = -10*s**3 + s. Let p(q) = q**2 - 8*q + 5. Let d be p(6). Let t(x) = -x**2 - 11*x - 22. Let i be t(-5). Let h = i + d. Calculate g(h).
-9
Suppose -4*z = -0*z - 4. Let p(k) = -k**2 - k. Let a(h) = 5*h**2 + 5*h. Let v(q) = z*a(q) + 6*p(q). Give v(2).
-6
Let t(g) = -6*g**2 - 9*g**3 + 1 + g + 7*g**3 + g**3. Let j(v) = v**2 + 3*v. Let x be j(-4). Suppose -m + 22 = -5*r - 3*m, -2*m = x*r + 16. Determine t(r).
-5
Suppose 0 = -p - 5, 32*m - 36 = 30*m + 4*p. Let w(k) = 0*k + 5 - 2*k + 7. What is w(m)?
-4
Let p(u) = -2*u**2 + 8*u - 8. Let s(y) = y + 4. Let x be s(0). Let w be p(x). Let d be (-2)/(-8) - 38/w. Let z(i) = -i**3 + 4*i**2 + 2*i - 2. Calculate z(d).
-17
Suppose -3*c + 22 = 2*c - 3*i, 4*c - 22 = -2*i. Let u(b) = -42*b + 1 - c + 37*b. Give u(-4).
16
Let b(h) = h + 1. Let o(d) = d**3 + 6*d**2 - 5*d - 1. Let y be o(-7). Let c be (-32)/12*y/2. Suppose -5*u + 5 = -c. What is b(u)?
6
Let t(k) be the third derivative of k**4/12 + 2*k**3/3 - 8*k**2. Suppose 1 = -3*m + 2*y, -2*m + 2*y - 25 = -7*m. Give t(m).
10
Suppose -3*p = 3*z + 39, -5*p - 17 = -p - 3*z. Let y(k) = -1. Let j(h) = h + 5. Let l(c) = -j(c) - 3*y(c). Determine l(p).
6
Let r(k) = -k**2 - 1 - 2*k**2 + 4*k**2 + 4*k - 3. Let j(y) = -56*y - 564. Let f be j(-10). Calculate r(f).
-4
Let v(a) be the third derivative of -a**4/24 - 7*a**3/6 - a**2. Suppose p - 45 + 267 = -36*p. Determine v(p).
-1
Let l(j) = -7*j - 8. Let q = -436 - -428. Calculate l(q).
48
Let s(p) = -9*p - 1. Let n = 15 - 23. Let i be n/12*15/(-10). What is s(i)?
-10
Let f(m) = m**2 - 5*m + 1. Let q(y) = 3*y**3 + 6*y**2 - 6*y - 2. Let c(n) = 7*n**3 + 13*n**2 - 12*n - 5. Let w(x) = -2*c(x) + 5*q(x). Let g be w(-5). Give f(g).
1
Let f(x) be the third derivative of 0*x - 44*x**2 + 1/120*x**6 + 0*x**3 + 0 + 1/20*x**5 + 1/24*x**4. Suppose -4*q + 2 - 14 = 0. Calculate f(q).
-3
Let g(p) = -p + 2. Let w(f) = -6*f - 8. Let a(r) = -g(r) + w(r). Give a(-3).
5
Let j(g) be the third derivative of -g**6/120 - g**5/15 + 7*g**4/24 + g**3/2 + 114*g**2 + 1. Calculate j(-5).
-7
Let n(r) be the first derivative of -r**3 - 161. Calculate n(-1).
-3
Suppose 10 = 3*o - 8*o. Let b be (-1)/(5/o - -3). Let c(u) = u**3 + 5*u**2 + 4*u + 2. Calculate c(b).
6
Let y = 863/6 - 143. Let g(f) be the third derivative of 0 + 1/8*f**4 + 3*f**2 - 1/60*f**5 - y*f**3 + 0*f. Determine g(4).
-9
Let w(d) be the first derivative of -d**6/360 - d**5/30 + d**4/8 - 6*d**3 + 30. Let j(i) be the third derivative of w(i). What is j(-5)?
-2
Suppose 5*z - g - 3*g - 108 = 0, 4*g - 84 = -3*z. Suppose b - 24*l = -20*l + 24, -4*l - 20 = 0. Let j be 9/b*32/z. Let r(n) = 2*n - 2. Determine r(j).
4
Let i(j) = -j**2 + 12*j - 4. Let y be i(11). Let c(n) = -5*n**2 - n - n**3 + y*n + 5 - 2*n**2 + 7. Calculate c(-8).
28
Suppose -z - 5 = 0, 14 = -n - n - 4*z. Let r(m) = m**3 - 3*m**2 + m - 2. Let h be r(n). Let o = 5 - h. Let s(a) = a**3 - 5*a**2 + 5*a - 6. Calculate s(o).
-2
Let o(h) = h + 6. Suppose -3 = 3*j, -5*k + 0*j = 2*j + 102. Let g be 4 - 2 - (-6)/((-24)/k). Give o(g).
13
Let b be (-3 + 1)/((-12)/12). Let p(t) = t + 3. Let a be p(0). Let y(u) = -3*u**a + 2*u**3 + 4*u + 0*u**3 - 2*u + 2*u**2 - 3. Give y(b).
1
Let c(o) = o**2 + 8*o - 2. Let x be c(-8). Let r be 15/x*6/(-5). Let n(h) = r - 5 - h + 2*h. Determine n(-8).
-4
Let o(g) be the first derivative of -g**3 + g**2/2 + 32. Determine o(2).
-10
Suppose -28 - 52 = 4*t. Let y be (12/t)/(1/(-5)). Let c(j) = j + 30*j**3 - 4*j**2 - 14*j**y + 1 - 15*j**3. What is c(4)?
5
Let c(g) = -g**2 - 5*g + 3. Suppose 0 = 5*z - 5*a - 115, -2*z = 8*a - 3*a - 81. Suppose -4*y + 5*h + 2 = -2, 3*h + z = -4*y. Calculate c(y).
7
Let q(d) = 167*d**2 - 330*d**2 - 20*d**3 + 6*d**3 + 165*d**2 + d. Calculate q(-1).
15
Let c be (18/12)/((-3)/(-94)). Let u = c - 45. Let i(a) = -6*a. Calculate i(u).
-12
Let t(l) = -3 + l**2 - 13*l + 7*l**2 - 11*l**2. Let x(j) = 2*j**2 + 9*j + 2. Suppose 4*k = 5*y + 5, 2*y + 0*y + 15 = -k. Let z(u) = k*t(u) - 7*x(u). Give z(-3).
4
Let i(k) = -k - 1. Let s(q) = 2*q**2 - q. Let z be (5 - 1) + 4/(-2). Suppose -31*v + z = -29*v. Let c be s(v). What is i(c)?
-2
Suppose 2*f + 4*v = 40, 128 = 4*f - 3*v - v. Let u = -32 + f. Let j(d) = -2*d - 3. Give j(u).
5
Let h(v) = 3*v**2 - v**3 - 7*v + 4*v + 3 + v**2. Let s be h(3). Let g(u) = -s*u - 1 + u**3 + 1 + 3. Calculate g(2).
5
Let m(u) = -u**3 - u**2 + u + 1. Suppose i + 4 = -0. Let z be (-54)/i + 9/18. Let s = z - 15. Give m(s).
0
Let x = 75 + -73. Let w(h) be the third derivative of 0*h + 0 - 1/60*h**5 - 1/4*h**4 - 5/6*h**3 + h**x. Calculate w(-5).
0
Suppose 5*l - 24 = -4*z, -2*z + 22 = l + 4*l. Suppose -3*r - 16 + 6 = a, -5*r - l*a = 5. Let t(m) = -m**2 - 4*m. Determine t(r).
-5
Let q be 9 + (0 - 0) + 0. Suppose -11*r - 2 = -13*r. Let k be q - (0 + (r - -2)). Let c(f) = f**3 - 5*f**2 - 7*f + 4. Give c(k).
-2
Let v = -3 + 0. Let m(b) = b**3 + b**2 - b + 3. Determine m(v).
-12
Let t(d) be the second derivative of 1/20*d**5 - 7/6*d**3 + 0 - 1/2*d**4 + 5/2*d**2 - 23*d. Give t(7).
5
Let q(x) = x + 1. Let f be -2*(20/8 - 4). Suppose 4*u = -u - 5*w + 15, -2*u + f*w - 9 = 0. Suppose 5*i = -5, -m + u + 3 = -3*i. Give q(m).
1
Let i(d) = 4*d**2 - 2 + d - 4 - 37*d**3 + 36*d**3. Let s(b) = b**3 - 2*b**2 - b + 3. Let z(f) = -3*i(f) - 5*s(f). Deter